f t?
11, 727
Let t = 13459 + -8650. List the prime factors of t.
3, 7, 229
Let k = 5 + 29. Suppose 3*f - k = -2*x + 11, -2*x = -5*f - 53. List the prime factors of 0 + x - 60/(-20).
3
Suppose 15*h + 221748 = 51*h + 32*h. What are the prime factors of h?
3, 1087
Let q = -4735 - -8368. Suppose 6*h + 15*h - q = 0. List the prime factors of h.
173
What are the prime factors of 6186*30/(-54)*9/(-6)?
5, 1031
Suppose l = -5*j + 5, 5*j = -2*l - 0*j + 10. Suppose 3*a - 324 = -l*t, -5*t + 432 = 4*a - 3*t. List the prime factors of a.
2, 3
Let a be (7 - 1) + 2 + 8 + -4. Let u(w) = 4*w**2 - 19*w - 17. List the prime factors of u(a).
331
Suppose 1545 = s + a - 6930, 2*a = -5*s + 42375. List the prime factors of s.
3, 5, 113
Let k(c) = -206*c - 1428. What are the prime factors of k(-83)?
2, 5, 1567
Suppose 4*j = s - 24097, -13*s + 17*s = 3*j + 96479. What are the prime factors of s?
5, 193
Let d = 16471 + 1500. What are the prime factors of d?
17971
Let c = 12898 + -8906. List the prime factors of c.
2, 499
Let g(m) = m + 43. Let d be g(-23). Let k be d/12 - (-16)/12. Let j(h) = 45*h. List the prime factors of j(k).
3, 5
Suppose -29463 = 617*d - 638*d. List the prime factors of d.
23, 61
Suppose 3*r + u - 1504 = 611, -r = 2*u - 700. Suppose 4*a - 2*c - 818 = 0, r + 318 = 5*a - c. Let t = a + -97. What are the prime factors of t?
2, 3
Let k(j) = 102*j**2 - 131*j - 61. What are the prime factors of k(26)?
5, 7, 1871
Let g(n) = n**2 + 3*n - 18. Let d be g(-8). Suppose 5*o + 7 = d. Suppose 282 = o*x + 6*v - v, x - 2*v - 83 = 0. List the prime factors of x.
89
Suppose -2*l + 5*l = -48. Let s be (-309)/4 - (-12)/l. Let u = s - -154. What are the prime factors of u?
2, 19
Let l = 10 + -5. Let x(i) = 4*i - 1. Let f(v) = 3*v + 1. Let y(z) = 5*f(z) - x(z). What are the prime factors of y(l)?
61
Let b be ((-48)/(-20))/(36/60). List the prime factors of -2*((-5885)/198 + b/18).
59
Let s(p) be the first derivative of 43*p**3/3 + 3*p**2/2 + 3*p + 15. What are the prime factors of s(-2)?
13
Let y be 2/4 - (-4 - 45/(-10)). Suppose y*f + 192 = 2*f. Let n = 33 + f. What are the prime factors of n?
3, 43
Let i(j) = -19*j**3 - 27*j**2 + 24*j + 91. Let z(t) = -7*t**3 - 9*t**2 + 8*t + 30. Let b(a) = 4*i(a) - 11*z(a). List the prime factors of b(10).
2, 107
Let j(z) = -185*z + 66. Let u be ((-1)/3 - 0)/(1/18). What are the prime factors of j(u)?
2, 3, 7
Suppose 18 = 4*v + 2. Suppose -x = -v*x + 207. Suppose 255 = -x*n + 72*n. List the prime factors of n.
5, 17
Let b = -3814 + 8237. List the prime factors of b.
4423
Let v = -27014 + 71668. List the prime factors of v.
2, 83, 269
Let h = 7876 + -4452. List the prime factors of h.
2, 107
Let a(x) = 0*x + 3*x**2 - x**2 - 23 + x - x**2. Let t be a(0). Let y = t - -126. List the prime factors of y.
103
Suppose 0 = -3*c, 400 = 3*q - 5*c + 296 - 16213. List the prime factors of q.
3, 7, 37
Let q(a) = -a**2 - 5*a - 6. Let z(m) = m - 19. Let b be z(14). Let u be q(b). What are the prime factors of (-4)/(-8)*u + 194?
191
Let u(m) = 5*m**3 + 4*m**2 + 46*m - 20. List the prime factors of u(10).
2, 5, 73
Suppose 6*d = -11*d - 7667. Let l = -278 - d. What are the prime factors of l?
173
Suppose 4*p = 3*p - 1. Let s be 1587/23*(0 + -2 - p). Let l = -36 - s. List the prime factors of l.
3, 11
Suppose -6*y = 4*y - 305100. List the prime factors of y/144 + 2 + (-15)/8.
2, 53
Let w(q) = 427*q - 5. Let z(m) = -214*m + 3. Let j(t) = 4*w(t) + 7*z(t). Let d be j(1). What are the prime factors of d - 23 - 5/(-1)?
193
Suppose 3*v + 2*o = 4985, 4*v = 8*o - 6*o + 6670. Let w = -1091 + v. List the prime factors of w.
2, 7, 41
Let k = 37026 - 18241. List the prime factors of k.
5, 13, 17
Let i be 70/(-21)*(-12)/20. Suppose -4*x - 3*y + 1962 = -2*y, 1477 = 3*x - i*y. List the prime factors of x.
491
Suppose -w + 5*j = -51, -w - j - 2*j + 83 = 0. Let p = w - 25. Suppose -2*g = 4*k - 68, 2*g + k = 13 + p. What are the prime factors of g?
2, 7
Suppose -4*x + 4 = 0, 10*l - 6*l - 28 = -4*x. What are the prime factors of (136/(-51))/(l/(-2241))?
2, 3, 83
Let z be (54 - 55)*(-1 + -1321). Let p = -791 + z. List the prime factors of p.
3, 59
Let g = 1004 + -643. Let h = g - 186. List the prime factors of h.
5, 7
Let z = 4 + 40. Suppose -2*g + z = 60. What are the prime factors of (4 + -3)/1*(238 - g)?
2, 3, 41
Let w = -1126 - -1132. Let v(k) = 31*k**2 + k**3 - 12*k**2 + 8 - 5*k - 4*k**3. What are the prime factors of v(w)?
2, 7
Let l(q) = 4389*q - 17311. What are the prime factors of l(9)?
2, 5, 7, 317
Suppose -1789*k + 1776*k + 133003 = 0. What are the prime factors of k?
13, 787
Suppose 6896 = 32*h - 31*h - 2*t, -2*t = -2*h + 13800. List the prime factors of h.
2, 863
Let z = -3175 - -4777. Let r = z + -741. List the prime factors of r.
3, 7, 41
Let g = 10978 + -7621. What are the prime factors of g?
3, 373
Let u = -106814 + 163329. List the prime factors of u.
5, 89, 127
Let f be (-17)/(-51) - 2996/(-3). Let c = f + -501. What are the prime factors of c?
2, 3, 83
Let p be 21 + (-4)/(-6)*-3. Let j(u) = p - 77*u - 62*u + 90*u. List the prime factors of j(-2).
3, 13
Let y(t) be the third derivative of 5*t**4/2 + 35*t**3/3 - 43*t**2. What are the prime factors of y(6)?
2, 5, 43
Let h(w) = 4*w - 1. Let b be h(0). Let s be (-3 - -2)/(b/2). List the prime factors of -1252*(-3)/180 + s/15.
3, 7
Let h(t) = -23812*t**3 + 5*t**2 + 5*t + 2. List the prime factors of h(-1).
2, 3, 7
Suppose -3*l + 21 = w + 87, -3*w - l = 190. Let v = 69 + w. List the prime factors of ((-40)/12 - -3) + 1226/v.
2, 3, 17
Let k = -30 + 33. Let h be 2 - (0 + -19 - k). Let s = 41 - h. What are the prime factors of s?
17
Suppose 2127156 = -19*g + 328*g. List the prime factors of g.
2, 1721
Suppose -4 = 74*n - 78*n, -4*n - 6 = -2*y. Let o = -1 - -1. Suppose o = -y*p + 31 + 144. List the prime factors of p.
5, 7
Suppose -5*p - 177067 = -5*z - 69882, 2*z - 3*p = 42867. What are the prime factors of z?
2, 3, 1787
Suppose 5995 = 14*c - 53743. What are the prime factors of c?
17, 251
Let c(n) = -2348*n**3 - 9*n**2 - 23*n - 14. What are the prime factors of c(-1)?
2, 587
Let m(o) = 16*o**2 + 61*o + 787. List the prime factors of m(-18).
11, 443
Suppose -3*y + 750 + 1119 = 3*t, 4*t = 3*y + 2485. Let m = t - 262. List the prime factors of m.
2, 3, 5
Let r(a) = -a**3 + 69*a**2 - 81*a + 172. List the prime factors of r(65).
11807
Let h(t) = -t**2 - 20*t - 4. Let i be h(-20). Let d be 0/(9 + -6) + i/2. What are the prime factors of 4085/45 - (-5)/((-45)/d)?
7, 13
Let k be (-72)/32*12/(-9). Let p be k/(-12) + 0 + 3375/12. Let w = p + -169. List the prime factors of w.
2, 7
Let l(d) = 718*d**2 - 58*d - 6. List the prime factors of l(-4).
2, 5857
Let x = 38423 - 20793. What are the prime factors of x?
2, 5, 41, 43
Suppose -5*y - 120847 = -17*y - 2539. What are the prime factors of y?
9859
Let r(n) = -34 - 42*n + 22*n + 6 - n**2. Let z be r(-18). Let d(j) = j**3 - 9*j**2 + 19*j - 3. List the prime factors of d(z).
5, 17
Suppose -5*a - 4*a = 0. Suppose -14*w - w = a. Suppose w = 3*g - 78 - 135. List the prime factors of g.
71
Let v(j) = 47*j**2 + j - 57. Let w be v(8). Suppose -w = -12*c + 221. What are the prime factors of c?
5, 53
Let n = 10969 - 16924. What are the prime factors of n/(-24) - 13/104?
2, 31
Let n be 4/6 + (-57673)/(-21) + 2. List the prime factors of (-110)/(-165) + n/3.
7, 131
Let o(w) = 19*w - 20*w - 26*w + 3 + 10*w**2. List the prime factors of o(6).
3, 67
Let s(v) = 3017*v - 93. What are the prime factors of s(1)?
2, 17, 43
Let b be 108/30 - 8/(-20). Suppose d + b*d = -75. Let f(n) = -9*n + 19. List the prime factors of f(d).
2, 7, 11
Let m(c) = 3*c**2 - 8*c + 10. Let p = 14 - 10. What are the prime factors of m(p)?
2, 13
Let k(t) = 3*t**2 + 4*t - 3. Let x be k(1). Let o(z) = 3 - x*z + 3*z - 1 - z. List the prime factors of o(-9).
2, 5
Let h(j) = j**3 - 2*j + 1. Let a be h(2). Suppose -5*i + 3 = -3*y, 3*i + 0*y - 29 = -a*y. Suppose -i*x = -193 + 25. What are the prime factors of x?
2, 7
Let p(h) = 91*h**3 - h**2 - 3*h + 4. Let a be (-178)/6*(-10 + 13). Let c = 90 + a. What are the prime factors of p(c)?
7, 13
Let w be 9/18 + (-45)/(-6). Let v(z) = -z**2 + 2*z + 27. Let m be v(w). What are the prime factors of ((-6)/(-7))/((-1)/m)?
2, 3
List the prime factors of ((-2 + 5)*-1)/(-2*15/13420).
2, 